-z - 126 = -5*y. What is the units digit of y?
6
Let h(a) = -2*a**2 + 5*a + 3. Let f be h(4). What is the units digit of (-1)/1*5*f?
5
Suppose 6301 = 13*s - 1681. What is the units digit of s?
4
Let k = -179 + 2669. What is the thousands digit of k?
2
Suppose -8 = 5*n - 9*n. Let j be (-30)/16*2*-4. Suppose -n*s + 7 = -j. What is the units digit of s?
1
Let u = -7 + 9. Suppose z = -u*z. Suppose -k = -z*k - 16. What is the units digit of k?
6
Let l(d) = -d**2 - 6*d + 4. Let k be l(-7). Let y = -1 + k. Let c(o) = -7*o - 3. What is the tens digit of c(y)?
2
Suppose -1308*u - 53649 = -1317*u. What is the thousands digit of u?
5
Suppose f + m - 549 = 0, -2*f + 3*m = 3*f - 2705. What is the hundreds digit of f?
5
Suppose 2*o = 5*g - g + 746, -g = -5*o + 1910. What is the tens digit of o?
8
Suppose 4*x - 5*q - 1479 = 2*x, -5*x + q = -3755. What is the units digit of x?
2
Let j be (-10)/(-3)*42/4 - 0. What is the hundreds digit of 10269/j - (-2)/(-5)?
2
Let x = 2789 - 1255. What is the units digit of x?
4
Suppose 7*w - 3*w = 20. Suppose -w*i = -10 - 35. Suppose k + 4*g - 3*g - i = 0, 2*g + 9 = k. What is the units digit of k?
9
Let f = 9677 - 6273. What is the hundreds digit of f?
4
Suppose 5 = -2*w + 1. Let p be 40/8*w/(-1). Let q(m) = -m**2 + 13*m - 15. What is the tens digit of q(p)?
1
Suppose 1477 + 367 = 4*k. What is the units digit of k?
1
Suppose 3*h - 9 = -0*h. Suppose -2*d = -10, -h*d + d = 4*v - 10. What is the units digit of 0 + 16 + (v - 0)?
6
Let s(b) = -3*b + 13. Let w be (-44)/(-10) + (-30)/75. Let h be s(w). Let u = 7 - h. What is the units digit of u?
6
Suppose 4*z - 2*z + 2*i - 2 = 0, -15 = -3*z + 3*i. Suppose 3*m = z*v, -4*v + 18 = v + m. What is the units digit of (-2)/((12/(-22))/v)?
1
What is the hundreds digit of 144*8/108*654/8?
8
Let h = 173 + -104. Let q = h - 25. What is the units digit of q?
4
Suppose -15*q + 14039 - 3614 = 0. What is the tens digit of q?
9
Suppose 3*r = 5*p - 49 - 29, 96 = -5*r - 3*p. Let f be 27/r + 10/35. Let w = 16 - f. What is the units digit of w?
7
Suppose -4 = 3*y - 13, 0 = 4*i - 2*y + 742. What is the tens digit of i/(-10)*(1 - -4) + 0?
9
Let l = 746 + -177. What is the units digit of l?
9
Let s be (-4 - -3)*(0 + -5). Suppose -m + s*m = 64. Let a = m - 11. What is the units digit of a?
5
Let c = 1285 - 661. Suppose 2*w + 10*w = c. What is the tens digit of w?
5
Suppose -38*y + 9970 + 38708 = 0. What is the hundreds digit of y?
2
Let f(n) = -2*n**3 - 8*n**2 + 6*n + 2. Let u be f(-6). Suppose -18*w = -13*w - u. What is the tens digit of w?
2
What is the hundreds digit of (-25)/(25/(-5)) + 275?
2
Let z = -1 - -3. Let v be 2/(-2)*z/2. What is the tens digit of v + (-2 - -5) - -16?
1
Suppose -4*p = -2*y + 7*y - 371, p + 376 = 5*y. Let s = 180 - y. What is the tens digit of s?
0
Let u(k) = -25*k**3 - 2*k**2 - 6*k - 9. Suppose 2*s - 22 = -26. What is the units digit of u(s)?
5
Suppose -29 = -2*c - 4*u + 67, 5*c - 5*u = 255. What is the tens digit of ((-162)/30 + 3)/((-2)/c)?
6
Let o(n) = n**2 + 7*n - 16. Let g be o(11). What is the tens digit of g + -1*3/(-1)?
8
Let l be (2/5)/((-5)/(-25)). Suppose 5*k = 7*k - 24. Suppose -k = l*x - 68. What is the tens digit of x?
2
Suppose 31 = 2*v - 73. Let r = v + -28. What is the tens digit of r - 4/(-12)*-3?
2
Suppose 5*w = -3*d + 4*w + 1006, 5*w - 662 = -2*d. What is the tens digit of d?
3
Let r = 2322 + 236. What is the hundreds digit of r?
5
Suppose -3*y + 4*y = -2*b + 413, -422 = -y - 5*b. What is the units digit of y?
7
Let o(y) = y**2 - 8*y - 5. Let w be o(9). Suppose -112 = -w*b + 20. Let u = 67 - b. What is the units digit of u?
4
Let j be ((-140)/(-14))/(1*2). Suppose -2*g = 2*m - 82, 5 + j = 5*g. What is the units digit of m?
9
Let o(l) = l**2 - 15*l + 53. What is the units digit of o(5)?
3
Let t(w) = -w - 1. Let c(k) = k. Let h(y) = 6*c(y) + 7*t(y). Let a be h(-7). Suppose -2*g + 4*g - 8 = a. What is the units digit of g?
4
Let v(n) = -2*n**2 - 13*n + 9. Let r be v(-7). Suppose -5*c = 5*s + 310, r*s - 2*c - 31 = -135. What is the units digit of 8/(-2) - (9 + s)?
4
Suppose 0 = -k - 2*h + 460, 0 = 5*k - 6*k - h + 458. What is the tens digit of k?
5
Let m(c) = -2*c**2 + 48*c + 2521. What is the thousands digit of m(0)?
2
Let x(f) = -716*f + 2. Let k be x(-1). Suppose k - 1930 = -12*c. What is the units digit of c?
1
Suppose -2*l + 680 = 42. What is the tens digit of l?
1
Let n = 31 - 26. Suppose -n*j = -0*j. Suppose j = 4*m + 3*z - 33, -2*m - 2*z + 16 = -0*m. What is the units digit of m?
9
Suppose 8*r - 6*r = 4*u - 4480, 0 = -2*u - 5*r + 2240. What is the tens digit of u?
2
Suppose 0 = 5*r + 5*b + 25, 0 = 2*r - r - 4*b + 10. What is the units digit of (-47)/(-4) + (-8)/((-64)/r)?
1
What is the units digit of 2169*50/120 - 3/4?
3
Let a = -16 - -21. Let q be (5 + -5 + 2)/1. Suppose 6*p + a*m - 111 = q*p, -2*p - 3*m = -53. What is the units digit of p?
4
Suppose -2*t - 11 = 3*h + 19, -5*h + 20 = 0. What is the tens digit of (-917)/t - 1/(-3)?
4
Let s(o) = 36*o + 4. Let z be -2 - (-2 - 1) - -8. Let l be s(z). What is the units digit of l/12 + 2/(-6)?
7
Let g(k) = -69*k - 118. What is the units digit of g(-8)?
4
Let u = 137 - -259. Suppose 0 = 3*i - 0*i - u. What is the units digit of i?
2
Suppose 0 = 20*d - 32620 - 26480. What is the tens digit of d?
5
What is the tens digit of 4/(-16)*0 - -427?
2
Let p be 318/((-7 - -5) + 22/8). Suppose -6*i + 3*a = -i - p, 252 = 3*i - a. What is the tens digit of i?
8
Let s(p) = 8*p**2 - 3 + 2 + p**3 + 2 + 4*p. What is the units digit of s(-6)?
9
Let p(x) = -x**3 - 13*x**2 + 10*x - 4. Let k be p(-14). Suppose -4*w = -0*a - a - 98, 2*w - 2*a - k = 0. What is the tens digit of w?
2
Suppose 12*j = 15*j - 72. Suppose j = 7*f - 11. What is the units digit of f?
5
Let p = 43 - 39. Suppose -5*r + p*y + 27 = 0, 4*y - 2 - 1 = -5*r. What is the units digit of r?
3
Let x = 7209 + -5115. What is the thousands digit of x?
2
Suppose -5*w = 4*j - 1575, 0 = 48*w - 46*w + 4*j - 642. What is the hundreds digit of w?
3
Let l = 904 - 287. What is the hundreds digit of l?
6
Let p(z) = 2*z**2 - 22*z + 24. What is the units digit of p(-16)?
8
Let m = 675 + -365. What is the hundreds digit of m?
3
Let k = -7 + 5. Let n be 95/25 + k/(-10). Suppose 3*c + 101 = n*b + 23, -4*b + 92 = 4*c. What is the units digit of b?
1
Let y be (-4)/10 + (-156)/(-15). What is the tens digit of (252/y)/((-2)/(-5))?
6
Let a = -9 + 11. Let t be -2 + (a - -8) + 0. What is the units digit of 46/t - 12/16?
5
Let w(y) = -y**3 - 4*y**2 + 4*y + 4. Let b be w(-4). What is the tens digit of (-4 + 1)*(0 + 320/b)?
8
Suppose 4*s = 2*f + 2*s - 2, 0 = 4*f + 3*s - 32. Suppose 3*b - 12 = f*n, -3*b - 2*n + 6*n = -12. What is the units digit of b?
4
Let f = -1089 - -2557. What is the tens digit of f?
6
Let f be (-2 - -4)/(8/172). Let b = 87 - f. Suppose -2*r = 4*d - b, 2*r - 64 = -r - 5*d. What is the units digit of r?
8
Let k(z) = -z**3 - 11*z**2 - 40*z - 6. What is the tens digit of k(-15)?
9
Let y(f) = -f + 12. Let b be y(9). Let v(x) = -6*x**2 - 3*x + 3*x + 20*x**3 - 19*x**b + 6. What is the units digit of v(6)?
6
Suppose -6*d + d = -140. Suppose -22 = y - d. Suppose -y*l = -8*l + 36. What is the units digit of l?
8
Suppose -3*m - 3*o = 99, 0 = -o + 4*o. Let d = 37 + m. Suppose d*h - h - 186 = 3*p, 4*h = p + 239. What is the units digit of h?
9
Let z(b) = 2*b - 22. Let j be z(12). Suppose 0 = -2*t + 3*i + 145, -3*t + j*i + 390 = 2*t. What is the tens digit of t?
8
Let b(v) = -v**3 + 11*v**2 + 12*v. Let g be b(12). Suppose -3*y = 2*s - 8*y - 93, -2*s + 4*y + 98 = g. What is the units digit of s?
9
Suppose 25*n - 23 = 24*n. What is the units digit of n?
3
Let b be 2*(3 + (-15)/6). What is the tens digit of -2*(b + (-324)/8)?
7
Let m be -1 + 16*(-3 - 7/(-2)). Suppose -m*q = -q - 150. What is the tens digit of q?
2
Let r(d) = d**3 + 9*d**2 - d - 3. Let n be r(-9). Let t = n - -11. Let j = t - 12. What is the units digit of j?
5
Let q = -3057 + 5123. What is the tens digit of q?
6
Let p(m) = -2*m**3 - 2*m**2 + 3*m + 2. Let q be p(-2). Suppose 3*d = 19 - q. Suppose -2*i + 78 = -0*n + 2*n, 0 = -5*i + d. What is the units digit of n?
8
Suppose 3507 = 9*m - 6*m. Suppose 139 - m = -10*p. What is the hundreds digit of p?
1
Let y(i) = -4*i + 164. What is the units digit of y(-22)?
2
Let l = -